 of w?
8
Let f(v) = 411*v - 420. What is the thousands digit of f(7)?
2
Suppose 93 = 5*t - q, 5*t - 94 = 3*q + 5. What is the units digit of (2 + 1)/(t/102)?
7
Suppose -155 = 10*d - 5*d. Let n = -1 - d. What is the tens digit of n?
3
Let f(o) = 19*o**2 + 2*o - 1. Let i be f(1). Suppose -2*m = -5*q + 94, -m - i = -q - 0*m. Suppose -u = k - q, -39 = -k - k + u. What is the tens digit of k?
1
Let q(r) = r**2 + 7*r - 10. Let f be q(-8). Let i be (-21)/f*(-10)/15. What is the tens digit of 60/(-2)*7/i?
3
Let i be 133/(-19)*10/(-14). Suppose -404 = -i*w - 3*v, 2*w = -5*v - 22 + 195. What is the units digit of w?
9
Let u be -2*4 + -143 + 123. Let y = 62 - 24. Let k = u + y. What is the tens digit of k?
1
Let c = 34 - -25. Suppose v = -5*s + c, -2*v + 59 = -v + 2*s. What is the tens digit of v?
5
Let i(c) = -c**3 - c**2 - 2*c + 173. What is the hundreds digit of i(0)?
1
Let m(j) = -j**3 - 3*j**2 - 6*j + 5. Let w be m(-5). Let b = 782 - 815. Let z = b + w. What is the units digit of z?
2
What is the tens digit of (0 - (2 + -1)) + 43 + 726?
6
Suppose 6202 = 6*f + 2*m, -29*f + 25*f + 4*m = -4156. What is the hundreds digit of f?
0
Suppose 7*a - 4 = 6*a. Suppose 0 = 5*k - 50 - 900. Suppose -5*h = -5*t - k, -a*h - 5*t + 230 - 69 = 0. What is the tens digit of h?
3
Let n(h) = 3*h + 4 + h**2 + 9*h - h. Let z = 322 + -333. What is the units digit of n(z)?
4
Suppose -16 = -0*j + 4*j. Let s = -30 - -28. Let g = s - j. What is the units digit of g?
2
Let y = -17 + 25. Suppose 0 = 9*d - y*d - 3*v - 172, 3*d - 494 = -2*v. What is the tens digit of d?
6
Suppose g + 276 = 4*d - 3*g, -5*d = 3*g - 305. Suppose -5*i = -2*x + 169, 2*x - 2*i - d = 102. What is the tens digit of x?
8
Let l = 238 - 86. What is the units digit of l?
2
Let r(m) = 7*m + 34. Let s be r(-6). What is the units digit of 8*(-4)/s - -141?
5
Suppose -4 = -i - 32. Let y = 29 + i. What is the tens digit of -3 + y + 3 - -17?
1
Suppose 0 = o + s - 20, 5*s + 6 = o - 2. Let k = o - 14. Let d(c) = -c**3 + 5*c**2 + 6*c - 2. What is the units digit of d(k)?
8
Let h(y) = -y + 33. Let b(c) = c**3 - 9*c**2 + 13*c - 4. Let w be b(7). What is the tens digit of h(w)?
4
Suppose 3*y = -5*j + 438, -5*y = -5*j + 53 - 783. What is the tens digit of y?
4
Let i(m) = -9*m + 17. Let j be i(20). Let v = 0 - j. What is the tens digit of v?
6
Suppose -3675 = -5*u + 10*f - 6*f, -2198 = -3*u + f. What is the hundreds digit of u?
7
Let f be (11 + 441)*(14/8 + -1). Suppose f = 5*j + 59. What is the tens digit of j?
5
Let g = -359 + 545. Suppose -58*a + g = -56*a. What is the tens digit of a?
9
Suppose -o + 92 + 559 = 3*l, 4*l = 20. What is the tens digit of o?
3
Let u(g) = -22*g + 26. Let j be u(-10). Suppose -4*h = -5*c - 747, j = 4*h - 2*c - 504. What is the units digit of h?
8
Let m be (27/15)/(3/10). Suppose m = -j + 91. Suppose 3*g = 8*g - j. What is the tens digit of g?
1
Let m(i) = i**3 + 3*i**2. Let h be m(-3). Suppose -2*z + 0*z = h. Suppose -q - p + 29 = z, -5*q - 4*p = -2*q - 86. What is the units digit of q?
0
Let i be 4 + (1 - (5 - 3)). Suppose -4*b - 152 = -4*d, -i*b - 2*b + 106 = 3*d. Suppose -17 = -3*g + d. What is the units digit of g?
8
Let a be ((-3)/(-9))/(3/18). Let g(o) = -5 - 1 - o**a + o + 2*o**2. What is the tens digit of g(-5)?
1
Let p(q) = q**2 - 4*q - 14. Let k(l) = -l**2 - 4*l + 7. Let u be k(-5). Suppose u*h = -h - 18. What is the tens digit of p(h)?
4
Let o be (-1)/(-2*1/88). Suppose 103 = o*b - 43*b. What is the hundreds digit of b?
1
Suppose 2*h - 211 = -f, 160 = -4*f + 5*h + 1056. What is the units digit of f?
9
Suppose -5*r = -5 - 5. Suppose r = 3*t - 4. What is the units digit of -1 + (3 - 3) + t?
1
Let u be 14/(-8) + 2 + (-144)/64. Let d(l) = -l**3 + 3*l**2 - l. What is the tens digit of d(u)?
2
Suppose -18*k - 3727 = -35371. What is the units digit of k?
8
Let d(x) be the third derivative of 1/3*x**4 + 0*x + 6*x**2 + x**3 + 0. What is the tens digit of d(5)?
4
Suppose 4 = -0*n - n. Let f be n/(-14) + (-75)/(-7). Suppose 4*m - 3*m - f = 0. What is the units digit of m?
1
What is the tens digit of (1172/(-60) + (-2)/(-10))*-3?
5
Let y(b) = 9*b - 3. Let t be y(1). Let p be (3 + (-58)/t)*-27. Suppose -5*m + p = -m. What is the tens digit of m?
4
Let y = -110 - -506. What is the hundreds digit of y?
3
Let m be (-94)/18 - (-16)/72. Let x = m - -8. Suppose -s - x*s = j - 147, -j + 109 = 3*s. What is the tens digit of s?
3
Let a(s) = -s**3 + 24*s**2 + s - 24. Let u be a(24). Suppose -q + j + 295 = 0, 4*j - 290 = -u*q - q. What is the tens digit of q?
9
Let x = 23 - 20. Suppose -j - 44 = -x*j. What is the units digit of j*2 - (-5 - -4)?
5
Let f = 1 - 1. Suppose -m + 8 = -3*q - f, -13 = -2*m + 3*q. What is the tens digit of 58/m + (-6)/(-15)?
1
Let j(y) = -10*y + 3*y + 98*y**2 - 81*y**2 + 10. What is the units digit of j(3)?
2
Suppose 7154 + 3373 = 29*u. What is the tens digit of u?
6
Let f(q) be the first derivative of q**3/3 - 5*q**2 + 11*q - 1. Let x be f(-8). Suppose 6*l = l + x. What is the units digit of l?
1
Suppose -3*z = -3*l + 5*l - 1651, 2*z = 10. Suppose l = 5*c - 22. What is the hundreds digit of c?
1
Let i be (1 - -21) + 8/(-2). Suppose 2*f + a = -13, 3*a - 61 = 4*f - 2*a. What is the units digit of f/i - (-155)/2?
7
Let c be (9 + -8)/(-1*1). Let k = 5 - c. Let g(h) = h**2 + h - 7. What is the units digit of g(k)?
5
Let g be 2*(-3 + (-7)/(-2))*0. Suppose 4*m = q + 858, -2*m + 4*m - q - 428 = g. What is the tens digit of m?
1
What is the tens digit of (-3)/((-9)/142)*(-135)/(-30)?
1
Let i = 621 + -366. What is the hundreds digit of i?
2
Suppose 1416 = 5*s + 3*s. What is the tens digit of s?
7
Let n be (18/2 - 3)/2. Suppose l = n*l. Suppose 13 = q - l*q. What is the tens digit of q?
1
Suppose -6 = -2*y - 0. Suppose 23 - 5 = 4*l - 3*a, 0 = l + 5*a + 7. Suppose y*d - d - w = 44, -2*d - l*w = -60. What is the tens digit of d?
2
Let k(s) = -s**2 + 10*s - 11. Let p be k(8). Suppose 3*x + 344 = 4*h - 2*x, 101 = h - p*x. What is the tens digit of h?
8
Let u = 28 - 32. Let o be 4 + u*(-2)/(-4). Suppose 29 = y + o*v, y + 4*v + 80 = 5*y. What is the units digit of y?
3
Suppose -1552*b + 1558*b = 21354. What is the hundreds digit of b?
5
Suppose 0 = 36*z - 33*z - 3960. Suppose 9*m - 14*m = -z. What is the tens digit of m?
6
Suppose -12*i + 4204 - 172 = 0. What is the tens digit of i?
3
Suppose -15*q + 2225 = -3685. What is the units digit of q?
4
Let f(k) = k**3 - 5*k**2 + 3*k + 3. Let q be f(3). Let g(z) = 5*z**2 + 11*z + 6. What is the units digit of g(q)?
0
Let z(n) = -16*n - 4. Let m be z(-4). Suppose -3*s - 3*p = -m, p - 28 = -s + 4*p. Suppose -98 + s = -4*o. What is the tens digit of o?
1
Let d(g) = -5*g + 4. Suppose -3*t + 10 = 5*c, -5*t + 54 = -0*t - c. Suppose r - 3*r - t = 0. What is the tens digit of d(r)?
2
Suppose 0 = -4*x + 821 - 53. Let z = x - 37. What is the tens digit of z?
5
What is the hundreds digit of 4 + ((-710)/8)/((-30)/840)?
4
Let n(l) = l**2 - 3*l + 3. Let w be n(3). Suppose 5*v = -5*d, w*v + 4*d = v + 8. What is the units digit of -1 - v - (-3)/(-3)?
2
Let u be (93/(-2))/(9/18). Let a = 126 + u. What is the units digit of a?
3
Let n be (-24)/84 - 60/(-14). Let k(s) = 4*s**2 - 6*s + 5. What is the tens digit of k(n)?
4
Suppose -g - 5*q + 6 = 0, 3*q + q = 2*g - 54. What is the units digit of g?
1
Let w(l) = 22 - 5*l + 22 + 12 + 7. What is the tens digit of w(10)?
1
Suppose 6*x = 5*a + 4*x - 3013, -3*a = 2*x - 1795. What is the tens digit of a?
0
Suppose h - 1 - 2 = 0. Suppose -h*b + 202 = -95. What is the units digit of b?
9
Suppose 3*q = 5*g + 956, 2*g = -0*g - 8. What is the units digit of q?
2
Let n = 8 - 4. Let u = 85 + -97. What is the units digit of (-3 - u/n) + 18?
8
Let w be (-4)/(-6) + 57/9. Let y = -129 + 128. What is the units digit of -1*1/y*w?
7
Let d = -240 + 436. What is the hundreds digit of d?
1
Suppose 0 = -5*c + 302 + 13578. What is the units digit of c?
6
Suppose 17*b = 4246 + 1313. What is the hundreds digit of b?
3
Suppose 0*d - d = -21. Let z = d - 18. Suppose u + 161 = z*l - 0*u, -67 = -l + 3*u. What is the tens digit of l?
5
Suppose -3943 = -16*c + 3609. What is the hundreds digit of c?
4
Let q be (-3)/(-15) + 19/5. Suppose -c - 22 = -3*j - 59, -4*j - 124 = -q*c. Suppose -y = -5*y + c. What is the units digit of y?
7
What is the hundreds digit of